{"id":11,"date":"2017-10-01T12:48:29","date_gmt":"2017-10-01T10:48:29","guid":{"rendered":"http:\/\/arborescence-design.com\/?page_id=11"},"modified":"2021-09-15T13:38:25","modified_gmt":"2021-09-15T11:38:25","slug":"le-createur","status":"publish","type":"page","link":"https:\/\/arborescence-design.com\/","title":{"rendered":"Une \u00e2me bois\u00e9e aux pens\u00e9es florales"},"content":{"rendered":"<div id=\"pl-11\"  class=\"panel-layout\" ><div id=\"pg-11-0\"  class=\"panel-grid panel-no-style\" ><div id=\"pgc-11-0-0\"  class=\"panel-grid-cell\" ><div id=\"panel-11-0-0-0\" class=\"so-panel widget widget_sow-editor panel-first-child panel-last-child\" data-index=\"0\" ><div\n\t\t\t\n\t\t\tclass=\"so-widget-sow-editor so-widget-sow-editor-base\"\n\t\t\t\n\t\t>\n<div class=\"siteorigin-widget-tinymce textwidget\">\n\t<div class=\"eds-animate edsanimate-sis-hidden \" data-eds-entry-animation=\"fadeIn\" data-eds-entry-delay=\"1\" data-eds-entry-duration=\"1\" data-eds-entry-timing=\"linear\" data-eds-exit-animation=\"\" data-eds-exit-delay=\"\" data-eds-exit-duration=\"\" data-eds-exit-timing=\"\" data-eds-repeat-count=\"2\" data-eds-keep=\"yes\" data-eds-animate-on=\"load\" data-eds-scroll-offset=\"\">\n<p>Le parcours initiatique dans l\u2019art de Jean-pierre Cuny, a pris naissance lors de ses nombreux voyages au Qu\u00e9bec. Cette destination a mis en \u00e9vidence, comme une r\u00e9v\u00e9lation, son attirance et sa passion pour la nature et \u201cl\u2019art de la fuste\u201d, le travail du bois brut. C\u2019est \u00e0 la suite d\u2019un parcours technique et artistique qu\u2019il se consacre \u00e0 la conception et \u00e0 la r\u00e9alisation de mobiliers , sculptures , pi\u00e8ces uniques et poetiques laissant transparaitre sa vision profonde de la nature.<\/p>\n<\/div>\n<\/div>\n<\/div><\/div><\/div><div id=\"pgc-11-0-1\"  class=\"panel-grid-cell\" ><div id=\"panel-11-0-1-0\" class=\"so-panel widget widget_sow-editor panel-first-child panel-last-child\" data-index=\"1\" ><div\n\t\t\t\n\t\t\tclass=\"so-widget-sow-editor so-widget-sow-editor-base\"\n\t\t\t\n\t\t>\n<div class=\"siteorigin-widget-tinymce textwidget\">\n\t<div class=\"eds-animate edsanimate-sis-hidden \" data-eds-entry-animation=\"fadeIn\" data-eds-entry-delay=\"1\" data-eds-entry-duration=\"1\" data-eds-entry-timing=\"linear\" data-eds-exit-animation=\"\" data-eds-exit-delay=\"\" data-eds-exit-duration=\"\" data-eds-exit-timing=\"\" data-eds-repeat-count=\"2\" data-eds-keep=\"yes\" data-eds-animate-on=\"load\" data-eds-scroll-offset=\"\">\n<p>A la fronti\u00e8re entre Art et Design, il puise son inspiration cr\u00e9ative de la beaut\u00e9 des paysages, des voyages, des rencontres humaines, de l\u2019imaginaire de son enfance ou encore de sa passion culinaire. Son travail s\u2019exprime \u00e0 travers l\u2019alliance du bois brut, du m\u00e9tal, du verre, de la pierre et fait naitre une harmonie entre rayonnement v\u00e9g\u00e9tal et r\u00e9sonance min\u00e9rale. Il affectionne tout particuli\u00e8rement la sensualit\u00e9 du travail en courbe et les mat\u00e9riaux bruts, purs, imparfaits et authentiques. Ces derniers sont pour lui, la repr\u00e9sentation symbolique des quatres \u00e9lements primaires que sont la terre, le feu, l\u2019eau et l\u2019air.<\/p>\n<\/div>\n<\/div>\n<\/div><\/div><\/div><div id=\"pgc-11-0-2\"  class=\"panel-grid-cell\" ><div id=\"panel-11-0-2-0\" class=\"so-panel widget widget_sow-editor panel-first-child panel-last-child\" data-index=\"2\" ><div\n\t\t\t\n\t\t\tclass=\"so-widget-sow-editor so-widget-sow-editor-base\"\n\t\t\t\n\t\t>\n<div class=\"siteorigin-widget-tinymce textwidget\">\n\t<div class=\"eds-animate edsanimate-sis-hidden \" data-eds-entry-animation=\"fadeIn\" data-eds-entry-delay=\"1\" data-eds-entry-duration=\"1\" data-eds-entry-timing=\"linear\" data-eds-exit-animation=\"\" data-eds-exit-delay=\"\" data-eds-exit-duration=\"\" data-eds-exit-timing=\"\" data-eds-repeat-count=\"2\" data-eds-keep=\"yes\" data-eds-animate-on=\"load\" data-eds-scroll-offset=\"\">\n<p>Par leur fa\u00e7onnage et leur association, ils les transcende afin qu\u2019ils r\u00e9v\u00e8lent et d\u00e9livrent leurs substrats et qu\u2019ils permettent \u00e0 l\u2019audience qui les regarde de partager les \u00e9motions qu\u2019ils suscitent en lui.<\/p>\n<p><strong>Jean-pierre Cuny, une Ame bois\u00e9e aux pens\u00e9es florales, propose \u00e0 travers ses cr\u00e9ations, un rappel \u00e0 la nature et un r\u00e9veil des consciences ou se cachent  derri\u00e8re chacune d\u2019entre elles, des images, des souvenirs, des senteurs d\u2019enfances.<\/strong><\/p>\n<\/div>\n<\/div>\n<\/div><\/div><\/div><\/div><div id=\"pg-11-1\"  class=\"panel-grid panel-no-style\" ><div id=\"pgc-11-1-0\"  class=\"panel-grid-cell\" ><div id=\"panel-11-1-0-0\" class=\"so-panel widget widget_sow-editor panel-first-child panel-last-child\" data-index=\"3\" ><div\n\t\t\t\n\t\t\tclass=\"so-widget-sow-editor so-widget-sow-editor-base\"\n\t\t\t\n\t\t>\n<div class=\"siteorigin-widget-tinymce textwidget\">\n\t<div class=\"eds-animate edsanimate-sis-hidden \" data-eds-entry-animation=\"fadeIn\" data-eds-entry-delay=\"1\" data-eds-entry-duration=\"2\" data-eds-entry-timing=\"linear\" data-eds-exit-animation=\"\" data-eds-exit-delay=\"\" data-eds-exit-duration=\"\" data-eds-exit-timing=\"\" data-eds-repeat-count=\"1\" data-eds-keep=\"yes\" data-eds-animate-on=\"load\" data-eds-scroll-offset=\"\">\n<h2 class=\"entry-title\"> Zoom sur la collection <\/h2>\n<\/div>\n<\/div>\n<\/div><\/div><\/div><\/div><div id=\"pg-11-2\"  class=\"panel-grid panel-no-style\" ><div id=\"pgc-11-2-0\"  class=\"panel-grid-cell\" ><div id=\"panel-11-2-0-0\" class=\"so-panel widget widget_sow-editor panel-first-child panel-last-child\" data-index=\"4\" ><div\n\t\t\t\n\t\t\tclass=\"so-widget-sow-editor so-widget-sow-editor-base\"\n\t\t\t\n\t\t>\n<div class=\"siteorigin-widget-tinymce textwidget\">\n\t<div class=\"eds-animate edsanimate-sis-hidden \" data-eds-entry-animation=\"fadeIn\" data-eds-entry-delay=\"1\" data-eds-entry-duration=\"2\" data-eds-entry-timing=\"linear\" data-eds-exit-animation=\"\" data-eds-exit-delay=\"\" data-eds-exit-duration=\"\" data-eds-exit-timing=\"\" data-eds-repeat-count=\"1\" data-eds-keep=\"yes\" data-eds-animate-on=\"load\" data-eds-scroll-offset=\"\">\n<div class=\"minicollection\">\n<div class=\"variante\"> Table haute <\/div>\n<div class=\"variante\"> \"vibration\" <\/div>\n<p><a href=\"http:\/\/arborescence-design.com\/index.php\/les-collections\/vibration-galerie\/\"><br \/>\n<img loading=\"lazy\" decoding=\"async\" class=\"alignnone size-medium wp-image-579\" src=\"http:\/\/arborescence-design.com\/wp-content\/uploads\/2020\/10\/IMG-5555-240x300.jpg\" alt=\"\" width=\"240\" height=\"300\" srcset=\"https:\/\/arborescence-design.com\/wp-content\/uploads\/2020\/10\/IMG-5555-240x300.jpg 240w, https:\/\/arborescence-design.com\/wp-content\/uploads\/2020\/10\/IMG-5555-820x1024.jpg 820w, https:\/\/arborescence-design.com\/wp-content\/uploads\/2020\/10\/IMG-5555-768x959.jpg 768w, https:\/\/arborescence-design.com\/wp-content\/uploads\/2020\/10\/IMG-5555-1230x1536.jpg 1230w, https:\/\/arborescence-design.com\/wp-content\/uploads\/2020\/10\/IMG-5555-1639x2048.jpg 1639w\" sizes=\"auto, (max-width: 240px) 100vw, 240px\" \/><br \/>\n<\/a><\/p>\n<\/div>\n<\/div>\n<\/div>\n<\/div><\/div><\/div><div id=\"pgc-11-2-1\"  class=\"panel-grid-cell\" ><div id=\"panel-11-2-1-0\" class=\"so-panel widget widget_sow-editor panel-first-child panel-last-child\" data-index=\"5\" ><div\n\t\t\t\n\t\t\tclass=\"so-widget-sow-editor so-widget-sow-editor-base\"\n\t\t\t\n\t\t>\n<div class=\"siteorigin-widget-tinymce textwidget\">\n\t<div class=\"eds-animate edsanimate-sis-hidden \" data-eds-entry-animation=\"fadeIn\" data-eds-entry-delay=\"1\" data-eds-entry-duration=\"2\" data-eds-entry-timing=\"linear\" data-eds-exit-animation=\"\" data-eds-exit-delay=\"\" data-eds-exit-duration=\"\" data-eds-exit-timing=\"\" data-eds-repeat-count=\"1\" data-eds-keep=\"yes\" data-eds-animate-on=\"load\" data-eds-scroll-offset=\"\">\n<div class=\"minicollection\">\n<div class=\"variante\"> Table basse <\/div>\n<div class=\"variante\"> \"passion\" <\/div>\n<p><a href=\"http:\/\/arborescence-design.com\/index.php\/les-collections\/passion-galerie\/\"><br \/>\n<img loading=\"lazy\" decoding=\"async\" class=\"alignnone size-medium wp-image-584\" src=\"http:\/\/arborescence-design.com\/wp-content\/uploads\/2020\/10\/IMG-5552-300x278.jpg\" alt=\"\" width=\"300\" height=\"278\" srcset=\"https:\/\/arborescence-design.com\/wp-content\/uploads\/2020\/10\/IMG-5552-300x278.jpg 300w, https:\/\/arborescence-design.com\/wp-content\/uploads\/2020\/10\/IMG-5552-1024x949.jpg 1024w, https:\/\/arborescence-design.com\/wp-content\/uploads\/2020\/10\/IMG-5552-768x712.jpg 768w, https:\/\/arborescence-design.com\/wp-content\/uploads\/2020\/10\/IMG-5552-1536x1424.jpg 1536w, https:\/\/arborescence-design.com\/wp-content\/uploads\/2020\/10\/IMG-5552-2048x1899.jpg 2048w\" sizes=\"auto, (max-width: 300px) 100vw, 300px\" \/><\/a><\/p>\n<\/div>\n<\/div>\n<\/div>\n<\/div><\/div><\/div><div id=\"pgc-11-2-2\"  class=\"panel-grid-cell\" ><div id=\"panel-11-2-2-0\" class=\"so-panel widget widget_sow-editor panel-first-child panel-last-child\" data-index=\"6\" ><div\n\t\t\t\n\t\t\tclass=\"so-widget-sow-editor so-widget-sow-editor-base\"\n\t\t\t\n\t\t>\n<div class=\"siteorigin-widget-tinymce textwidget\">\n\t<div class=\"eds-animate edsanimate-sis-hidden \" data-eds-entry-animation=\"fadeIn\" data-eds-entry-delay=\"1\" data-eds-entry-duration=\"2\" data-eds-entry-timing=\"linear\" data-eds-exit-animation=\"\" data-eds-exit-delay=\"\" data-eds-exit-duration=\"\" data-eds-exit-timing=\"\" data-eds-repeat-count=\"1\" data-eds-keep=\"yes\" data-eds-animate-on=\"load\" data-eds-scroll-offset=\"\">\n<div class=\"minicollection\">\n<div class=\"variante\"> Tabouret\/gu\u00e9ridon <\/div>\n<div class=\"variante\"> \"pur\" <\/div>\n<p><a href=\"http:\/\/arborescence-design.com\/index.php\/la-collection\/pure\/\"><br \/>\n<img loading=\"lazy\" decoding=\"async\" class=\"alignnone size-medium wp-image-578\" src=\"http:\/\/arborescence-design.com\/wp-content\/uploads\/2020\/10\/IMG-5553-200x300.jpg\" alt=\"\" width=\"200\" height=\"300\" srcset=\"https:\/\/arborescence-design.com\/wp-content\/uploads\/2020\/10\/IMG-5553-200x300.jpg 200w, https:\/\/arborescence-design.com\/wp-content\/uploads\/2020\/10\/IMG-5553-683x1024.jpg 683w, https:\/\/arborescence-design.com\/wp-content\/uploads\/2020\/10\/IMG-5553-768x1151.jpg 768w, https:\/\/arborescence-design.com\/wp-content\/uploads\/2020\/10\/IMG-5553-1025x1536.jpg 1025w, https:\/\/arborescence-design.com\/wp-content\/uploads\/2020\/10\/IMG-5553-1367x2048.jpg 1367w, https:\/\/arborescence-design.com\/wp-content\/uploads\/2020\/10\/IMG-5553-scaled.jpg 1709w\" sizes=\"auto, (max-width: 200px) 100vw, 200px\" \/><\/a><\/p>\n<\/div>\n<\/div>\n<\/div>\n<\/div><\/div><\/div><div id=\"pgc-11-2-3\"  class=\"panel-grid-cell\" ><div id=\"panel-11-2-3-0\" class=\"so-panel widget widget_sow-editor panel-first-child panel-last-child\" data-index=\"7\" ><div\n\t\t\t\n\t\t\tclass=\"so-widget-sow-editor so-widget-sow-editor-base\"\n\t\t\t\n\t\t>\n<div class=\"siteorigin-widget-tinymce textwidget\">\n\t<div class=\"eds-animate edsanimate-sis-hidden \" data-eds-entry-animation=\"fadeIn\" data-eds-entry-delay=\"1\" data-eds-entry-duration=\"2\" data-eds-entry-timing=\"linear\" data-eds-exit-animation=\"\" data-eds-exit-delay=\"\" data-eds-exit-duration=\"\" data-eds-exit-timing=\"\" data-eds-repeat-count=\"1\" data-eds-keep=\"yes\" data-eds-animate-on=\"load\" data-eds-scroll-offset=\"\">\n<div class=\"minicollection\">\n<div class=\"variante\">Tabouret\/gu\u00e9ridon<\/div>\n<div class=\"variante\">\"bonheur\"<\/div>\n<p><a href=\"http:\/\/arborescence-design.com\/index.php\/la-collection\/bonheur\/\"><br \/>\n<img loading=\"lazy\" decoding=\"async\" class=\"alignnone size-medium wp-image-581\" src=\"http:\/\/arborescence-design.com\/wp-content\/uploads\/2020\/10\/IMG-5550-215x300.jpg\" alt=\"\" width=\"215\" height=\"300\" srcset=\"https:\/\/arborescence-design.com\/wp-content\/uploads\/2020\/10\/IMG-5550-215x300.jpg 215w, https:\/\/arborescence-design.com\/wp-content\/uploads\/2020\/10\/IMG-5550-732x1024.jpg 732w, https:\/\/arborescence-design.com\/wp-content\/uploads\/2020\/10\/IMG-5550-768x1074.jpg 768w, https:\/\/arborescence-design.com\/wp-content\/uploads\/2020\/10\/IMG-5550-1099x1536.jpg 1099w, https:\/\/arborescence-design.com\/wp-content\/uploads\/2020\/10\/IMG-5550-1465x2048.jpg 1465w, https:\/\/arborescence-design.com\/wp-content\/uploads\/2020\/10\/IMG-5550-scaled.jpg 1831w\" sizes=\"auto, (max-width: 215px) 100vw, 215px\" \/><\/a><\/p>\n<\/div>\n<\/div>\n<\/div>\n<\/div><\/div><\/div><div id=\"pgc-11-2-4\"  class=\"panel-grid-cell\" ><div id=\"panel-11-2-4-0\" class=\"so-panel widget widget_sow-editor panel-first-child panel-last-child\" data-index=\"8\" ><div\n\t\t\t\n\t\t\tclass=\"so-widget-sow-editor so-widget-sow-editor-base\"\n\t\t\t\n\t\t>\n<div class=\"siteorigin-widget-tinymce textwidget\">\n\t<div class=\"eds-animate edsanimate-sis-hidden \" data-eds-entry-animation=\"fadeIn\" data-eds-entry-delay=\"1\" data-eds-entry-duration=\"2\" data-eds-entry-timing=\"linear\" data-eds-exit-animation=\"\" data-eds-exit-delay=\"\" data-eds-exit-duration=\"\" data-eds-exit-timing=\"\" data-eds-repeat-count=\"1\" data-eds-keep=\"yes\" data-eds-animate-on=\"load\" data-eds-scroll-offset=\"\">\n<div class=\"minicollection\">\n<div class=\"variante\">Sculpture\/assise<\/div>\n<div class=\"variante\">\"min\u00e9ral\"<\/div>\n<p><a href=\"http:\/\/arborescence-design.com\/index.php\/la-collection\/sculpture-assise-mineral\/\"><br \/>\n<img loading=\"lazy\" decoding=\"async\" class=\"alignnone size-medium wp-image-581\" src=\"http:\/\/arborescence-design.com\/wp-content\/uploads\/2021\/01\/mineral-744x1024.jpeg\" alt=\"\" width=\"215\" height=\"300\" \/><\/a>\n<\/div>\n<\/div>\n<\/div><\/div><\/div><\/div><\/div>","protected":false},"excerpt":{"rendered":"<p>Le parcours initiatique dans l\u2019art de Jean-pierre Cuny, a pris naissance lors de ses nombreux voyages au Qu\u00e9bec. Cette destination a mis en \u00e9vidence, comme une r\u00e9v\u00e9lation, son attirance et sa passion pour la nature et \u201cl\u2019art de la fuste\u201d, le travail du bois brut. C\u2019est \u00e0 la suite d\u2019un parcours technique et artistique qu\u2019il &hellip; <\/p>\n<p class=\"link-more\"><a href=\"https:\/\/arborescence-design.com\/\" class=\"more-link\">Continuer la lecture<span class=\"screen-reader-text\"> de &laquo;&nbsp;Une \u00e2me bois\u00e9e aux pens\u00e9es florales&nbsp;&raquo;<\/span><\/a><\/p>\n","protected":false},"author":2,"featured_media":0,"parent":0,"menu_order":0,"comment_status":"closed","ping_status":"closed","template":"","meta":{"footnotes":""},"class_list":["post-11","page","type-page","status-publish","hentry"],"yoast_head":"<!-- This site is optimized with the Yoast SEO plugin v26.4 - https:\/\/yoast.com\/wordpress\/plugins\/seo\/ -->\n<title>Une \u00e2me bois\u00e9e aux pens\u00e9es florales - Arborescence Design<\/title>\n<meta name=\"description\" content=\"Cr\u00e9ateur d&#039;\u00e9motions, Jean-Pierre Cuny se d\u00e9finit comme une \u00e2me bois\u00e9e aux pens\u00e9es florales. Il propose des \u0153uvres uniques et sensorielles.\" \/>\n<meta name=\"robots\" content=\"index, follow, max-snippet:-1, max-image-preview:large, max-video-preview:-1\" \/>\n<link rel=\"canonical\" href=\"https:\/\/arborescence-design.com\/\" \/>\n<meta property=\"og:locale\" content=\"fr_FR\" \/>\n<meta property=\"og:type\" content=\"article\" \/>\n<meta property=\"og:title\" content=\"Une \u00e2me bois\u00e9e aux pens\u00e9es florales - Arborescence Design\" \/>\n<meta property=\"og:description\" content=\"Cr\u00e9ateur d&#039;\u00e9motions, Jean-Pierre Cuny se d\u00e9finit comme une \u00e2me bois\u00e9e aux pens\u00e9es florales. Il propose des \u0153uvres uniques et sensorielles.\" \/>\n<meta property=\"og:url\" content=\"https:\/\/arborescence-design.com\/\" \/>\n<meta property=\"og:site_name\" content=\"Arborescence Design\" \/>\n<meta property=\"article:modified_time\" content=\"2021-09-15T11:38:25+00:00\" \/>\n<meta property=\"og:image\" content=\"http:\/\/arborescence-design.com\/wp-content\/uploads\/2020\/10\/IMG-5555-240x300.jpg\" \/>\n<meta name=\"twitter:card\" content=\"summary_large_image\" \/>\n<meta name=\"twitter:label1\" content=\"Dur\u00e9e de lecture estim\u00e9e\" \/>\n\t<meta name=\"twitter:data1\" content=\"3 minutes\" \/>\n<script type=\"application\/ld+json\" class=\"yoast-schema-graph\">{\"@context\":\"https:\/\/schema.org\",\"@graph\":[{\"@type\":\"WebPage\",\"@id\":\"https:\/\/arborescence-design.com\/\",\"url\":\"https:\/\/arborescence-design.com\/\",\"name\":\"Une \u00e2me bois\u00e9e aux pens\u00e9es florales - Arborescence Design\",\"isPartOf\":{\"@id\":\"https:\/\/arborescence-design.com\/#website\"},\"primaryImageOfPage\":{\"@id\":\"https:\/\/arborescence-design.com\/#primaryimage\"},\"image\":{\"@id\":\"https:\/\/arborescence-design.com\/#primaryimage\"},\"thumbnailUrl\":\"http:\/\/arborescence-design.com\/wp-content\/uploads\/2020\/10\/IMG-5555-240x300.jpg\",\"datePublished\":\"2017-10-01T10:48:29+00:00\",\"dateModified\":\"2021-09-15T11:38:25+00:00\",\"description\":\"Cr\u00e9ateur d'\u00e9motions, Jean-Pierre Cuny se d\u00e9finit comme une \u00e2me bois\u00e9e aux pens\u00e9es florales. Il propose des \u0153uvres uniques et sensorielles.\",\"breadcrumb\":{\"@id\":\"https:\/\/arborescence-design.com\/#breadcrumb\"},\"inLanguage\":\"fr-FR\",\"potentialAction\":[{\"@type\":\"ReadAction\",\"target\":[\"https:\/\/arborescence-design.com\/\"]}]},{\"@type\":\"ImageObject\",\"inLanguage\":\"fr-FR\",\"@id\":\"https:\/\/arborescence-design.com\/#primaryimage\",\"url\":\"http:\/\/arborescence-design.com\/wp-content\/uploads\/2020\/10\/IMG-5555-240x300.jpg\",\"contentUrl\":\"http:\/\/arborescence-design.com\/wp-content\/uploads\/2020\/10\/IMG-5555-240x300.jpg\"},{\"@type\":\"BreadcrumbList\",\"@id\":\"https:\/\/arborescence-design.com\/#breadcrumb\",\"itemListElement\":[{\"@type\":\"ListItem\",\"position\":1,\"name\":\"Accueil\",\"item\":\"https:\/\/arborescence-design.com\/\"},{\"@type\":\"ListItem\",\"position\":2,\"name\":\"Une \u00e2me bois\u00e9e aux pens\u00e9es florales\"}]},{\"@type\":\"WebSite\",\"@id\":\"https:\/\/arborescence-design.com\/#website\",\"url\":\"https:\/\/arborescence-design.com\/\",\"name\":\"Arborescence Design\",\"description\":\"\",\"publisher\":{\"@id\":\"https:\/\/arborescence-design.com\/#organization\"},\"potentialAction\":[{\"@type\":\"SearchAction\",\"target\":{\"@type\":\"EntryPoint\",\"urlTemplate\":\"https:\/\/arborescence-design.com\/?s={search_term_string}\"},\"query-input\":{\"@type\":\"PropertyValueSpecification\",\"valueRequired\":true,\"valueName\":\"search_term_string\"}}],\"inLanguage\":\"fr-FR\"},{\"@type\":\"Organization\",\"@id\":\"https:\/\/arborescence-design.com\/#organization\",\"name\":\"Arborescence Design\",\"url\":\"https:\/\/arborescence-design.com\/\",\"logo\":{\"@type\":\"ImageObject\",\"inLanguage\":\"fr-FR\",\"@id\":\"https:\/\/arborescence-design.com\/#\/schema\/logo\/image\/\",\"url\":\"https:\/\/arborescence-design.com\/wp-content\/uploads\/2017\/09\/cropped-JPC_carre_matiere-1-e1504520823984.jpg\",\"contentUrl\":\"https:\/\/arborescence-design.com\/wp-content\/uploads\/2017\/09\/cropped-JPC_carre_matiere-1-e1504520823984.jpg\",\"width\":246,\"height\":250,\"caption\":\"Arborescence Design\"},\"image\":{\"@id\":\"https:\/\/arborescence-design.com\/#\/schema\/logo\/image\/\"}}]}<\/script>\n<!-- \/ Yoast SEO plugin. -->","yoast_head_json":{"title":"Une \u00e2me bois\u00e9e aux pens\u00e9es florales - Arborescence Design","description":"Cr\u00e9ateur d'\u00e9motions, Jean-Pierre Cuny se d\u00e9finit comme une \u00e2me bois\u00e9e aux pens\u00e9es florales. Il propose des \u0153uvres uniques et sensorielles.","robots":{"index":"index","follow":"follow","max-snippet":"max-snippet:-1","max-image-preview":"max-image-preview:large","max-video-preview":"max-video-preview:-1"},"canonical":"https:\/\/arborescence-design.com\/","og_locale":"fr_FR","og_type":"article","og_title":"Une \u00e2me bois\u00e9e aux pens\u00e9es florales - Arborescence Design","og_description":"Cr\u00e9ateur d'\u00e9motions, Jean-Pierre Cuny se d\u00e9finit comme une \u00e2me bois\u00e9e aux pens\u00e9es florales. Il propose des \u0153uvres uniques et sensorielles.","og_url":"https:\/\/arborescence-design.com\/","og_site_name":"Arborescence Design","article_modified_time":"2021-09-15T11:38:25+00:00","og_image":[{"url":"http:\/\/arborescence-design.com\/wp-content\/uploads\/2020\/10\/IMG-5555-240x300.jpg","type":"","width":"","height":""}],"twitter_card":"summary_large_image","twitter_misc":{"Dur\u00e9e de lecture estim\u00e9e":"3 minutes"},"schema":{"@context":"https:\/\/schema.org","@graph":[{"@type":"WebPage","@id":"https:\/\/arborescence-design.com\/","url":"https:\/\/arborescence-design.com\/","name":"Une \u00e2me bois\u00e9e aux pens\u00e9es florales - Arborescence Design","isPartOf":{"@id":"https:\/\/arborescence-design.com\/#website"},"primaryImageOfPage":{"@id":"https:\/\/arborescence-design.com\/#primaryimage"},"image":{"@id":"https:\/\/arborescence-design.com\/#primaryimage"},"thumbnailUrl":"http:\/\/arborescence-design.com\/wp-content\/uploads\/2020\/10\/IMG-5555-240x300.jpg","datePublished":"2017-10-01T10:48:29+00:00","dateModified":"2021-09-15T11:38:25+00:00","description":"Cr\u00e9ateur d'\u00e9motions, Jean-Pierre Cuny se d\u00e9finit comme une \u00e2me bois\u00e9e aux pens\u00e9es florales. Il propose des \u0153uvres uniques et sensorielles.","breadcrumb":{"@id":"https:\/\/arborescence-design.com\/#breadcrumb"},"inLanguage":"fr-FR","potentialAction":[{"@type":"ReadAction","target":["https:\/\/arborescence-design.com\/"]}]},{"@type":"ImageObject","inLanguage":"fr-FR","@id":"https:\/\/arborescence-design.com\/#primaryimage","url":"http:\/\/arborescence-design.com\/wp-content\/uploads\/2020\/10\/IMG-5555-240x300.jpg","contentUrl":"http:\/\/arborescence-design.com\/wp-content\/uploads\/2020\/10\/IMG-5555-240x300.jpg"},{"@type":"BreadcrumbList","@id":"https:\/\/arborescence-design.com\/#breadcrumb","itemListElement":[{"@type":"ListItem","position":1,"name":"Accueil","item":"https:\/\/arborescence-design.com\/"},{"@type":"ListItem","position":2,"name":"Une \u00e2me bois\u00e9e aux pens\u00e9es florales"}]},{"@type":"WebSite","@id":"https:\/\/arborescence-design.com\/#website","url":"https:\/\/arborescence-design.com\/","name":"Arborescence Design","description":"","publisher":{"@id":"https:\/\/arborescence-design.com\/#organization"},"potentialAction":[{"@type":"SearchAction","target":{"@type":"EntryPoint","urlTemplate":"https:\/\/arborescence-design.com\/?s={search_term_string}"},"query-input":{"@type":"PropertyValueSpecification","valueRequired":true,"valueName":"search_term_string"}}],"inLanguage":"fr-FR"},{"@type":"Organization","@id":"https:\/\/arborescence-design.com\/#organization","name":"Arborescence Design","url":"https:\/\/arborescence-design.com\/","logo":{"@type":"ImageObject","inLanguage":"fr-FR","@id":"https:\/\/arborescence-design.com\/#\/schema\/logo\/image\/","url":"https:\/\/arborescence-design.com\/wp-content\/uploads\/2017\/09\/cropped-JPC_carre_matiere-1-e1504520823984.jpg","contentUrl":"https:\/\/arborescence-design.com\/wp-content\/uploads\/2017\/09\/cropped-JPC_carre_matiere-1-e1504520823984.jpg","width":246,"height":250,"caption":"Arborescence Design"},"image":{"@id":"https:\/\/arborescence-design.com\/#\/schema\/logo\/image\/"}}]}},"_links":{"self":[{"href":"https:\/\/arborescence-design.com\/index.php\/wp-json\/wp\/v2\/pages\/11","targetHints":{"allow":["GET"]}}],"collection":[{"href":"https:\/\/arborescence-design.com\/index.php\/wp-json\/wp\/v2\/pages"}],"about":[{"href":"https:\/\/arborescence-design.com\/index.php\/wp-json\/wp\/v2\/types\/page"}],"author":[{"embeddable":true,"href":"https:\/\/arborescence-design.com\/index.php\/wp-json\/wp\/v2\/users\/2"}],"replies":[{"embeddable":true,"href":"https:\/\/arborescence-design.com\/index.php\/wp-json\/wp\/v2\/comments?post=11"}],"version-history":[{"count":162,"href":"https:\/\/arborescence-design.com\/index.php\/wp-json\/wp\/v2\/pages\/11\/revisions"}],"predecessor-version":[{"id":827,"href":"https:\/\/arborescence-design.com\/index.php\/wp-json\/wp\/v2\/pages\/11\/revisions\/827"}],"wp:attachment":[{"href":"https:\/\/arborescence-design.com\/index.php\/wp-json\/wp\/v2\/media?parent=11"}],"curies":[{"name":"wp","href":"https:\/\/api.w.org\/{rel}","templated":true}]}}