{"id":201,"date":"2018-09-19T14:08:45","date_gmt":"2018-09-19T12:08:45","guid":{"rendered":"http:\/\/arborescence-design.com\/?page_id=201"},"modified":"2021-01-20T14:14:09","modified_gmt":"2021-01-20T13:14:09","slug":"passion-galerie","status":"publish","type":"page","link":"https:\/\/arborescence-design.com\/index.php\/la-collection\/passion-galerie\/","title":{"rendered":"Table basse \u00ab\u00a0passion\u00a0\u00bb"},"content":{"rendered":"<div id=\"pl-201\"  class=\"panel-layout\" ><div id=\"pg-201-0\"  class=\"panel-grid panel-no-style\" ><div id=\"pgc-201-0-0\"  class=\"panel-grid-cell\" ><div id=\"panel-201-0-0-0\" class=\"so-panel widget widget_sow-editor panel-first-child\" data-index=\"0\" ><div\n\t\t\t\n\t\t\tclass=\"so-widget-sow-editor so-widget-sow-editor-base\"\n\t\t\t\n\t\t>\n<div class=\"siteorigin-widget-tinymce textwidget\">\n\t<div class=\"eds-animate edsanimate-sis-hidden \" data-eds-entry-animation=\"fadeIn\" data-eds-entry-delay=\"0.5\" data-eds-entry-duration=\"1\" data-eds-entry-timing=\"linear\" data-eds-exit-animation=\"\" data-eds-exit-delay=\"\" data-eds-exit-duration=\"\" data-eds-exit-timing=\"\" data-eds-repeat-count=\"1\" data-eds-keep=\"yes\" data-eds-animate-on=\"load\" data-eds-scroll-offset=\"\">\n<p><img loading=\"lazy\" decoding=\"async\" src=\"http:\/\/arborescence-design.com\/wp-content\/uploads\/2020\/10\/3-passion-min-1024x683.jpg\" alt=\"\" width=\"525\" height=\"350\" class=\"alignnone size-large wp-image-700\" srcset=\"https:\/\/arborescence-design.com\/wp-content\/uploads\/2020\/10\/3-passion-min-1024x683.jpg 1024w, https:\/\/arborescence-design.com\/wp-content\/uploads\/2020\/10\/3-passion-min-300x200.jpg 300w, https:\/\/arborescence-design.com\/wp-content\/uploads\/2020\/10\/3-passion-min-768x512.jpg 768w, https:\/\/arborescence-design.com\/wp-content\/uploads\/2020\/10\/3-passion-min-1536x1024.jpg 1536w, https:\/\/arborescence-design.com\/wp-content\/uploads\/2020\/10\/3-passion-min-2048x1365.jpg 2048w, https:\/\/arborescence-design.com\/wp-content\/uploads\/2020\/10\/3-passion-min-272x182.jpg 272w\" sizes=\"auto, (max-width: 525px) 100vw, 525px\" \/><\/p>\n<\/div>\n<\/div>\n<\/div><\/div><div id=\"panel-201-0-0-1\" class=\"so-panel widget widget_sow-editor panel-last-child\" data-index=\"1\" ><div\n\t\t\t\n\t\t\tclass=\"so-widget-sow-editor so-widget-sow-editor-base\"\n\t\t\t\n\t\t>\n<div class=\"siteorigin-widget-tinymce textwidget\">\n\t<div class=\"eds-animate edsanimate-sis-hidden \" data-eds-entry-animation=\"fadeIn\" data-eds-entry-delay=\"0.5\" data-eds-entry-duration=\"1\" data-eds-entry-timing=\"linear\" data-eds-exit-animation=\"\" data-eds-exit-delay=\"\" data-eds-exit-duration=\"\" data-eds-exit-timing=\"\" data-eds-repeat-count=\"1\" data-eds-keep=\"yes\" data-eds-animate-on=\"load\" data-eds-scroll-offset=\"\">\n<p><img loading=\"lazy\" decoding=\"async\" src=\"http:\/\/arborescence-design.com\/wp-content\/uploads\/2020\/10\/1-passion-min-683x1024.jpg\" alt=\"\" width=\"525\" height=\"787\" class=\"alignnone size-large wp-image-702\" srcset=\"https:\/\/arborescence-design.com\/wp-content\/uploads\/2020\/10\/1-passion-min-683x1024.jpg 683w, https:\/\/arborescence-design.com\/wp-content\/uploads\/2020\/10\/1-passion-min-200x300.jpg 200w, https:\/\/arborescence-design.com\/wp-content\/uploads\/2020\/10\/1-passion-min-768x1152.jpg 768w, https:\/\/arborescence-design.com\/wp-content\/uploads\/2020\/10\/1-passion-min-1024x1536.jpg 1024w, https:\/\/arborescence-design.com\/wp-content\/uploads\/2020\/10\/1-passion-min-1365x2048.jpg 1365w, https:\/\/arborescence-design.com\/wp-content\/uploads\/2020\/10\/1-passion-min-scaled.jpg 1707w\" sizes=\"auto, (max-width: 525px) 100vw, 525px\" \/><\/p>\n<\/div>\n<\/div>\n<\/div><\/div><\/div><div id=\"pgc-201-0-1\"  class=\"panel-grid-cell\" ><div id=\"panel-201-0-1-0\" class=\"so-panel widget widget_sow-editor panel-first-child panel-last-child\" data-index=\"2\" ><div\n\t\t\t\n\t\t\tclass=\"so-widget-sow-editor so-widget-sow-editor-base\"\n\t\t\t\n\t\t>\n<div class=\"siteorigin-widget-tinymce textwidget\">\n\t<div class=\"eds-animate edsanimate-sis-hidden \" data-eds-entry-animation=\"fadeIn\" data-eds-entry-delay=\"0.5\" data-eds-entry-duration=\"1\" data-eds-entry-timing=\"linear\" data-eds-exit-animation=\"\" data-eds-exit-delay=\"\" data-eds-exit-duration=\"\" data-eds-exit-timing=\"\" data-eds-repeat-count=\"1\" data-eds-keep=\"yes\" data-eds-animate-on=\"load\" data-eds-scroll-offset=\"\">\n<p><img loading=\"lazy\" decoding=\"async\" src=\"http:\/\/arborescence-design.com\/wp-content\/uploads\/2020\/10\/2-passion-min-683x1024.jpg\" alt=\"\" width=\"525\" height=\"787\" class=\"alignnone size-large wp-image-701\" srcset=\"https:\/\/arborescence-design.com\/wp-content\/uploads\/2020\/10\/2-passion-min-683x1024.jpg 683w, https:\/\/arborescence-design.com\/wp-content\/uploads\/2020\/10\/2-passion-min-200x300.jpg 200w, https:\/\/arborescence-design.com\/wp-content\/uploads\/2020\/10\/2-passion-min-768x1152.jpg 768w, https:\/\/arborescence-design.com\/wp-content\/uploads\/2020\/10\/2-passion-min-1024x1536.jpg 1024w, https:\/\/arborescence-design.com\/wp-content\/uploads\/2020\/10\/2-passion-min-1365x2048.jpg 1365w, https:\/\/arborescence-design.com\/wp-content\/uploads\/2020\/10\/2-passion-min-scaled.jpg 1707w\" sizes=\"auto, (max-width: 525px) 100vw, 525px\" \/><\/p>\n<\/div>\n<\/div>\n<\/div><\/div><\/div><\/div><div id=\"pg-201-1\"  class=\"panel-grid panel-no-style\" ><div id=\"pgc-201-1-0\"  class=\"panel-grid-cell panel-grid-cell-empty\" ><\/div><div id=\"pgc-201-1-1\"  class=\"panel-grid-cell panel-grid-cell-mobile-last\" ><div id=\"panel-201-1-1-0\" class=\"so-panel widget widget_sow-editor panel-first-child panel-last-child\" data-index=\"3\" ><div\n\t\t\t\n\t\t\tclass=\"so-widget-sow-editor so-widget-sow-editor-base\"\n\t\t\t\n\t\t>\n<div class=\"siteorigin-widget-tinymce textwidget\">\n\t<div class=\"eds-animate edsanimate-sis-hidden \" data-eds-entry-animation=\"fadeIn\" data-eds-entry-delay=\"0.5\" data-eds-entry-duration=\"1\" data-eds-entry-timing=\"linear\" data-eds-exit-animation=\"\" data-eds-exit-delay=\"\" data-eds-exit-duration=\"\" data-eds-exit-timing=\"\" data-eds-repeat-count=\"1\" data-eds-keep=\"yes\" data-eds-animate-on=\"load\" data-eds-scroll-offset=\"\">\n<div class=\"citation\"> <strong> Pi\u00e8ce unique <\/strong><\/div>\n<div class=\"citation\"> <strong> Prix de la collection sur devis <\/strong><\/div>\n<div class=\"citation\"><strong> H: <\/strong> 780 mm. <strong>  \u00d8: <\/strong> 900 mm.<\/div>\n<div class=\"variante\"> Chaque dimension varie en fonction de la taille du tronc <\/div>\n<\/div>\n<\/div>\n<\/div><\/div><\/div><div id=\"pgc-201-1-2\"  class=\"panel-grid-cell panel-grid-cell-empty\" ><\/div><\/div><\/div>","protected":false},"excerpt":{"rendered":"<p>Pi\u00e8ce unique Prix de la collection sur devis H: 780 mm. \u00d8: 900 mm. Chaque dimension varie en fonction de la taille du tronc<\/p>\n","protected":false},"author":2,"featured_media":0,"parent":35,"menu_order":0,"comment_status":"closed","ping_status":"closed","template":"galerie-page.php","meta":{"footnotes":""},"class_list":["post-201","page","type-page","status-publish","hentry"],"yoast_head":"<!-- This site is optimized with the Yoast SEO plugin v26.4 - https:\/\/yoast.com\/wordpress\/plugins\/seo\/ -->\n<title>Collection compl\u00e8te des cr\u00e9ations d&#039;Arborescence Design - Passion<\/title>\n<meta name=\"description\" content=\"Collection compl\u00e8te des cr\u00e9ations d&#039;Arborescence Design - Passion. Cr\u00e9ation r\u00e9alis\u00e9e avec du bois d&#039;Acacia, du verre tremp\u00e9 et de l&#039;acier brut.\" \/>\n<meta name=\"robots\" content=\"index, follow, max-snippet:-1, max-image-preview:large, max-video-preview:-1\" \/>\n<link rel=\"canonical\" href=\"https:\/\/arborescence-design.com\/index.php\/la-collection\/passion-galerie\/\" \/>\n<meta property=\"og:locale\" content=\"fr_FR\" \/>\n<meta property=\"og:type\" content=\"article\" \/>\n<meta property=\"og:title\" content=\"Collection compl\u00e8te des cr\u00e9ations d&#039;Arborescence Design - Passion\" \/>\n<meta property=\"og:description\" content=\"Collection compl\u00e8te des cr\u00e9ations d&#039;Arborescence Design - Passion. Cr\u00e9ation r\u00e9alis\u00e9e avec du bois d&#039;Acacia, du verre tremp\u00e9 et de l&#039;acier brut.\" \/>\n<meta property=\"og:url\" content=\"https:\/\/arborescence-design.com\/index.php\/la-collection\/passion-galerie\/\" \/>\n<meta property=\"og:site_name\" content=\"Arborescence Design\" \/>\n<meta property=\"article:modified_time\" content=\"2021-01-20T13:14:09+00:00\" \/>\n<meta property=\"og:image\" content=\"http:\/\/arborescence-design.com\/wp-content\/uploads\/2020\/10\/3-passion-min-1024x683.jpg\" \/>\n<meta name=\"twitter:card\" content=\"summary_large_image\" \/>\n<meta name=\"twitter:label1\" content=\"Dur\u00e9e de lecture estim\u00e9e\" \/>\n\t<meta name=\"twitter:data1\" content=\"1 minute\" \/>\n<script type=\"application\/ld+json\" class=\"yoast-schema-graph\">{\"@context\":\"https:\/\/schema.org\",\"@graph\":[{\"@type\":\"WebPage\",\"@id\":\"https:\/\/arborescence-design.com\/index.php\/la-collection\/passion-galerie\/\",\"url\":\"https:\/\/arborescence-design.com\/index.php\/la-collection\/passion-galerie\/\",\"name\":\"Collection compl\u00e8te des cr\u00e9ations d'Arborescence Design - Passion\",\"isPartOf\":{\"@id\":\"https:\/\/arborescence-design.com\/#website\"},\"primaryImageOfPage\":{\"@id\":\"https:\/\/arborescence-design.com\/index.php\/la-collection\/passion-galerie\/#primaryimage\"},\"image\":{\"@id\":\"https:\/\/arborescence-design.com\/index.php\/la-collection\/passion-galerie\/#primaryimage\"},\"thumbnailUrl\":\"http:\/\/arborescence-design.com\/wp-content\/uploads\/2020\/10\/3-passion-min-1024x683.jpg\",\"datePublished\":\"2018-09-19T12:08:45+00:00\",\"dateModified\":\"2021-01-20T13:14:09+00:00\",\"description\":\"Collection compl\u00e8te des cr\u00e9ations d'Arborescence Design - Passion. Cr\u00e9ation r\u00e9alis\u00e9e avec du bois d'Acacia, du verre tremp\u00e9 et de l'acier brut.\",\"breadcrumb\":{\"@id\":\"https:\/\/arborescence-design.com\/index.php\/la-collection\/passion-galerie\/#breadcrumb\"},\"inLanguage\":\"fr-FR\",\"potentialAction\":[{\"@type\":\"ReadAction\",\"target\":[\"https:\/\/arborescence-design.com\/index.php\/la-collection\/passion-galerie\/\"]}]},{\"@type\":\"ImageObject\",\"inLanguage\":\"fr-FR\",\"@id\":\"https:\/\/arborescence-design.com\/index.php\/la-collection\/passion-galerie\/#primaryimage\",\"url\":\"http:\/\/arborescence-design.com\/wp-content\/uploads\/2020\/10\/3-passion-min-1024x683.jpg\",\"contentUrl\":\"http:\/\/arborescence-design.com\/wp-content\/uploads\/2020\/10\/3-passion-min-1024x683.jpg\"},{\"@type\":\"BreadcrumbList\",\"@id\":\"https:\/\/arborescence-design.com\/index.php\/la-collection\/passion-galerie\/#breadcrumb\",\"itemListElement\":[{\"@type\":\"ListItem\",\"position\":1,\"name\":\"Accueil\",\"item\":\"https:\/\/arborescence-design.com\/\"},{\"@type\":\"ListItem\",\"position\":2,\"name\":\"Collection\",\"item\":\"https:\/\/arborescence-design.com\/index.php\/la-collection\/\"},{\"@type\":\"ListItem\",\"position\":3,\"name\":\"Table basse &#8220;passion&#8221;\"}]},{\"@type\":\"WebSite\",\"@id\":\"https:\/\/arborescence-design.com\/#website\",\"url\":\"https:\/\/arborescence-design.com\/\",\"name\":\"Arborescence Design\",\"description\":\"\",\"publisher\":{\"@id\":\"https:\/\/arborescence-design.com\/#organization\"},\"potentialAction\":[{\"@type\":\"SearchAction\",\"target\":{\"@type\":\"EntryPoint\",\"urlTemplate\":\"https:\/\/arborescence-design.com\/?s={search_term_string}\"},\"query-input\":{\"@type\":\"PropertyValueSpecification\",\"valueRequired\":true,\"valueName\":\"search_term_string\"}}],\"inLanguage\":\"fr-FR\"},{\"@type\":\"Organization\",\"@id\":\"https:\/\/arborescence-design.com\/#organization\",\"name\":\"Arborescence Design\",\"url\":\"https:\/\/arborescence-design.com\/\",\"logo\":{\"@type\":\"ImageObject\",\"inLanguage\":\"fr-FR\",\"@id\":\"https:\/\/arborescence-design.com\/#\/schema\/logo\/image\/\",\"url\":\"https:\/\/arborescence-design.com\/wp-content\/uploads\/2017\/09\/cropped-JPC_carre_matiere-1-e1504520823984.jpg\",\"contentUrl\":\"https:\/\/arborescence-design.com\/wp-content\/uploads\/2017\/09\/cropped-JPC_carre_matiere-1-e1504520823984.jpg\",\"width\":246,\"height\":250,\"caption\":\"Arborescence Design\"},\"image\":{\"@id\":\"https:\/\/arborescence-design.com\/#\/schema\/logo\/image\/\"}}]}<\/script>\n<!-- \/ Yoast SEO plugin. -->","yoast_head_json":{"title":"Collection compl\u00e8te des cr\u00e9ations d'Arborescence Design - Passion","description":"Collection compl\u00e8te des cr\u00e9ations d'Arborescence Design - Passion. Cr\u00e9ation r\u00e9alis\u00e9e avec du bois d'Acacia, du verre tremp\u00e9 et de l'acier brut.","robots":{"index":"index","follow":"follow","max-snippet":"max-snippet:-1","max-image-preview":"max-image-preview:large","max-video-preview":"max-video-preview:-1"},"canonical":"https:\/\/arborescence-design.com\/index.php\/la-collection\/passion-galerie\/","og_locale":"fr_FR","og_type":"article","og_title":"Collection compl\u00e8te des cr\u00e9ations d'Arborescence Design - Passion","og_description":"Collection compl\u00e8te des cr\u00e9ations d'Arborescence Design - Passion. Cr\u00e9ation r\u00e9alis\u00e9e avec du bois d'Acacia, du verre tremp\u00e9 et de l'acier brut.","og_url":"https:\/\/arborescence-design.com\/index.php\/la-collection\/passion-galerie\/","og_site_name":"Arborescence Design","article_modified_time":"2021-01-20T13:14:09+00:00","og_image":[{"url":"http:\/\/arborescence-design.com\/wp-content\/uploads\/2020\/10\/3-passion-min-1024x683.jpg","type":"","width":"","height":""}],"twitter_card":"summary_large_image","twitter_misc":{"Dur\u00e9e de lecture estim\u00e9e":"1 minute"},"schema":{"@context":"https:\/\/schema.org","@graph":[{"@type":"WebPage","@id":"https:\/\/arborescence-design.com\/index.php\/la-collection\/passion-galerie\/","url":"https:\/\/arborescence-design.com\/index.php\/la-collection\/passion-galerie\/","name":"Collection compl\u00e8te des cr\u00e9ations d'Arborescence Design - Passion","isPartOf":{"@id":"https:\/\/arborescence-design.com\/#website"},"primaryImageOfPage":{"@id":"https:\/\/arborescence-design.com\/index.php\/la-collection\/passion-galerie\/#primaryimage"},"image":{"@id":"https:\/\/arborescence-design.com\/index.php\/la-collection\/passion-galerie\/#primaryimage"},"thumbnailUrl":"http:\/\/arborescence-design.com\/wp-content\/uploads\/2020\/10\/3-passion-min-1024x683.jpg","datePublished":"2018-09-19T12:08:45+00:00","dateModified":"2021-01-20T13:14:09+00:00","description":"Collection compl\u00e8te des cr\u00e9ations d'Arborescence Design - Passion. Cr\u00e9ation r\u00e9alis\u00e9e avec du bois d'Acacia, du verre tremp\u00e9 et de l'acier brut.","breadcrumb":{"@id":"https:\/\/arborescence-design.com\/index.php\/la-collection\/passion-galerie\/#breadcrumb"},"inLanguage":"fr-FR","potentialAction":[{"@type":"ReadAction","target":["https:\/\/arborescence-design.com\/index.php\/la-collection\/passion-galerie\/"]}]},{"@type":"ImageObject","inLanguage":"fr-FR","@id":"https:\/\/arborescence-design.com\/index.php\/la-collection\/passion-galerie\/#primaryimage","url":"http:\/\/arborescence-design.com\/wp-content\/uploads\/2020\/10\/3-passion-min-1024x683.jpg","contentUrl":"http:\/\/arborescence-design.com\/wp-content\/uploads\/2020\/10\/3-passion-min-1024x683.jpg"},{"@type":"BreadcrumbList","@id":"https:\/\/arborescence-design.com\/index.php\/la-collection\/passion-galerie\/#breadcrumb","itemListElement":[{"@type":"ListItem","position":1,"name":"Accueil","item":"https:\/\/arborescence-design.com\/"},{"@type":"ListItem","position":2,"name":"Collection","item":"https:\/\/arborescence-design.com\/index.php\/la-collection\/"},{"@type":"ListItem","position":3,"name":"Table basse &#8220;passion&#8221;"}]},{"@type":"WebSite","@id":"https:\/\/arborescence-design.com\/#website","url":"https:\/\/arborescence-design.com\/","name":"Arborescence Design","description":"","publisher":{"@id":"https:\/\/arborescence-design.com\/#organization"},"potentialAction":[{"@type":"SearchAction","target":{"@type":"EntryPoint","urlTemplate":"https:\/\/arborescence-design.com\/?s={search_term_string}"},"query-input":{"@type":"PropertyValueSpecification","valueRequired":true,"valueName":"search_term_string"}}],"inLanguage":"fr-FR"},{"@type":"Organization","@id":"https:\/\/arborescence-design.com\/#organization","name":"Arborescence Design","url":"https:\/\/arborescence-design.com\/","logo":{"@type":"ImageObject","inLanguage":"fr-FR","@id":"https:\/\/arborescence-design.com\/#\/schema\/logo\/image\/","url":"https:\/\/arborescence-design.com\/wp-content\/uploads\/2017\/09\/cropped-JPC_carre_matiere-1-e1504520823984.jpg","contentUrl":"https:\/\/arborescence-design.com\/wp-content\/uploads\/2017\/09\/cropped-JPC_carre_matiere-1-e1504520823984.jpg","width":246,"height":250,"caption":"Arborescence Design"},"image":{"@id":"https:\/\/arborescence-design.com\/#\/schema\/logo\/image\/"}}]}},"_links":{"self":[{"href":"https:\/\/arborescence-design.com\/index.php\/wp-json\/wp\/v2\/pages\/201","targetHints":{"allow":["GET"]}}],"collection":[{"href":"https:\/\/arborescence-design.com\/index.php\/wp-json\/wp\/v2\/pages"}],"about":[{"href":"https:\/\/arborescence-design.com\/index.php\/wp-json\/wp\/v2\/types\/page"}],"author":[{"embeddable":true,"href":"https:\/\/arborescence-design.com\/index.php\/wp-json\/wp\/v2\/users\/2"}],"replies":[{"embeddable":true,"href":"https:\/\/arborescence-design.com\/index.php\/wp-json\/wp\/v2\/comments?post=201"}],"version-history":[{"count":25,"href":"https:\/\/arborescence-design.com\/index.php\/wp-json\/wp\/v2\/pages\/201\/revisions"}],"predecessor-version":[{"id":763,"href":"https:\/\/arborescence-design.com\/index.php\/wp-json\/wp\/v2\/pages\/201\/revisions\/763"}],"up":[{"embeddable":true,"href":"https:\/\/arborescence-design.com\/index.php\/wp-json\/wp\/v2\/pages\/35"}],"wp:attachment":[{"href":"https:\/\/arborescence-design.com\/index.php\/wp-json\/wp\/v2\/media?parent=201"}],"curies":[{"name":"wp","href":"https:\/\/api.w.org\/{rel}","templated":true}]}}